
Let q(o) = -o**2 + 5*o + 9. Let t = 229 + -226. Let z be ((-32)/(-8) + t)*(-2 + 3). Calculate q(z).
-5
Let h(x) be the third derivative of -x**6/120 - x**5/12 + x**4/6 - x**3/6 - 2*x**2. Suppose -l = -5*b - 191 + 217, 0 = 2*b - 8. Determine h(l).
11
Suppose -5*c + 17 = r, 2*r + 4*c = -0*r + 16. Let m be 11 + (8 - 10) + (r - 1). Let l(g) = -m*g - 7*g - 1 + 15*g. Determine l(-6).
11
Let h(x) = -x**2 + 5*x - 31 + 36 - 5*x - 6*x. Give h(-10).
-35
Let n be ((1 - 4) + 4)*2. Suppose -n*u - 2*h = -24, -u - h + 16 = -2*h. Let k(f) = u - 23*f - 8 + 20*f. Calculate k(6).
-12
Let z(s) = 34*s + 15. Let b(f) = -40*f - 16. Let i(l) = -5*b(l) - 6*z(l). Determine i(6).
-34
Let b(v) = -v**3 + 8*v**2 - 2*v + 5. Suppose 3*d = 12*d + 10*d - 114. Give b(d).
65
Let q be -1*1 - 2*(-7)/(-14). Let h be 6*(3 + q + 0). Let k(s) = s**3 - 6*s**2 + 4*s + 6. Calculate k(h).
30
Let t be ((-1992)/((-8)/(-1)))/(-1 + 0). Let s = t + -250. Let v(z) = 1 - 5*z**2 + 4*z**2 - 7*z**2. Give v(s).
-7
Let l(n) = -100*n**2 + 0*n - 2 + 6 + 229*n**2 - 133*n**2 + 3*n. Give l(2).
-6
Let a(z) = -7*z + 7. Let o(r) = 5*r - 7. Let c(n) = -2*n**2 - 34*n - 35. Let h be c(-16). Let v(x) = h*a(x) - 4*o(x). Calculate v(-5).
2
Let y(o) = 288*o - 282*o + 4*o**2 + 4 + 1. Let d(i) = 6*i**2 + 8*i + 7. Let x(s) = 5*d(s) - 7*y(s). What is x(4)?
24
Let p(z) = 22*z + 3 + 9*z - 30*z. Suppose -3*q - 3 = -3*n, 0 = 4*n + 16. What is p(q)?
-2
Let y(m) = 2*m**3 + 13*m**2 - 7*m - 21. Let s be y(-6). Suppose s = -9*k - 15. Let f(x) = -x**3 - 9*x**2 - 7*x - 8. Give f(k).
-16
Let q(y) = -2*y**3 + 76*y**2 + 240*y - 4. Let s be q(-3). Let i(w) = 4*w - 74. Give i(s).
-18
Suppose 48*w + 12 = 52*w. Let a = -8 - -13. Suppose -2 = -i + a*p + 3, -w*i + 3 = -3*p. Let g(n) = -n**2 + n - 8. Determine g(i).
-8
Suppose 2 = 2*d + 10. Let z(h) be the first derivative of h**5/120 + h**4/24 + 2*h**3/3 - 21*h + 118. Let q(i) be the third derivative of z(i). Calculate q(d).
-3
Let d(p) = p**3 - 5*p**2 - 6*p + 5. Let f = -38 + 48. Suppose 2 = f*i - 58. What is d(i)?
5
Let x(o) = -o**3 - 6*o**2 + o + 8. Let y(v) = -10*v + 3. Suppose -4*s + 21 = -3*c - 9*s, -7 = 2*c + s. Let u be y(c). Let f = u - 29. Determine x(f).
2
Suppose 8*z = z - 42. Let i(m) = -3 + 4 + 1 - 1. Let g(t) = t + 5. Let f(v) = -2*g(v) + 11*i(v). Calculate f(z).
13
Let p(a) = -6*a + 73. Suppose 2*b - 10 = 0, j - 5*b = -3*b + 2. Let g be p(j). Let f(q) be the second derivative of q**5/10 - q**2/2 + q. Give f(g).
1
Let j(i) = -i**2 + 6*i - 8. Let b be (-5)/30*-4 - (-1)/3. Let r be (b/(-2))/(8/(-32)). Suppose -3*z + 30 = r*z. Calculate j(z).
-8
Let g(w) = -w**3 - 6*w**2 - w - 1. Let q(a) = -2*a**3 - 17*a**2 - 2*a - 4. Let k(r) = -8*g(r) + 3*q(r). Suppose 112*o = 283 + 53. Give k(o).
29
Let a(s) be the second derivative of -s**3/6 - 53*s**2/2 + 3*s - 19. Give a(4).
-57
Let o = -93 + -20. Let y = o + 119. Let u = 11 - y. Let r(x) = 3*x - 4. Calculate r(u).
11
Let z = -60 - -18. Let k be 3/(-2) + 357/z. Let b be 4/10 - 1 - 36/k. Let g(v) = 3*v**2 - 3*v + 2. Calculate g(b).
20
Let k(m) be the second derivative of -m**5/20 + 11*m**4/12 - 11*m**3/6 + 3*m**2/2 + 760*m. What is k(10)?
-7
Let h(y) = -9*y - 45. Let f be h(-10). Let q be -3*1/(-4) - f/(-20). Let i(b) = 14*b - 4. Calculate i(q).
38
Let o(k) be the third derivative of k**5/30 + 7*k**4/12 - 13*k**3/6 + 1665*k**2. What is o(1)?
3
Let d(p) = -7*p**2 - 4*p + 16. Let t(c) = 8*c**2 + 4*c - 17. Let o(b) = 7*d(b) + 6*t(b). Let y be (-2)/(-4) - (-25)/10 - 11. Calculate o(y).
-22
Let b(s) = 2*s**2 - 3*s + 2. Suppose 4*j - 32 = -3*l, -12 = -3*l - 0*l. Let p be (3/j)/(145/25 + -6). Determine b(p).
29
Let u(m) = 42847 + 37*m - 42790 - 28*m. Determine u(-5).
12
Let o(c) be the third derivative of -c**5/30 - 29*c**4/24 - 71*c**3/6 - 11867*c**2. Determine o(-3).
-2
Let w(n) = -4*n - 2. Let u = 399 + -400. Let i(p) = -p - 1. Let k(v) = u*w(v) + 6*i(v). What is k(0)?
-4
Let v(j) = -14*j - 47*j**3 - 40*j**3 - 10*j**2 + 8 + 171*j**3 - 38*j**3 - 47*j**3. What is v(-8)?
-8
Suppose -3*i + 19*i = 32. Let y(j) = 2*j**2 + 2*j**i + j**3 - 6*j - 6 - 10*j**2. Suppose -4*v + 6 - 25 = -x, -2*v = 6. Calculate y(x).
1
Suppose -25*r + 53*r = 84. Let g(s) be the first derivative of -2/3*s**3 + 1/4*s**4 + r*s + 17 - 5/2*s**2. What is g(3)?
-3
Let c(x) = -5*x + 13*x - 7*x + 26 - 12. Determine c(-6).
8
Let c(o) be the second derivative of o**3 - 38*o + 0 + 1/12*o**4 - 7/2*o**2. Suppose 2*p - 10 = -28. Give c(p).
20
Let w(l) = -11*l - 86. Let g be 3330/(-888)*16/6. Determine w(g).
24
Let a(v) = 8 - 28 + 3*v**2 + v**2 - 3*v**2 - 5*v. Let c be a(-3). Let s(g) = -6*g + 10. Determine s(c).
-14
Let x = -226 - -229. Let s(a) = -a + 10360*a**x - a**2 - 10359*a**3 + 0 + 6. Give s(0).
6
Suppose y + t + 25 = 26, -15 = 3*t. Let i(s) = 3*s**2 - 16*s + 19. Calculate i(y).
31
Suppose -64 = -5*u - 3*u. Let a(v) = v - 2. Let n(h) = 4*h - 1. Let m = -109 - -110. Let o(t) = m*n(t) - 5*a(t). Give o(u).
1
Let c(j) = j**3 - 4*j**2 + 4. Suppose -38 + 10 = -14*x. Suppose -5*d - 17 = 2*b, -7*d - 25 = -x*d. Calculate c(b).
4
Let j(p) = 7*p**2 + 23*p + 24. Let x(t) = t**2 + 2*t + 2. Let v(i) = j(i) - 6*x(i). Give v(-10).
2
Let i be ((-183358)/35)/(-14) + (-8)/(-10). Let a = i - 380. Let c(n) = n**3 + 3*n**2 - 7*n - 1. What is c(a)?
-16
Suppose -x + 6*z = 5*z + 1, x - 5*z = 11. Let f(b) = -2*b**2 - 17*b - 30. Calculate f(x).
6
Let l be -8*((-62)/(-8) + 119/68*-4). Let u(v) = -3*v**2 + v**2 - 4*v**2 - v**3 - 6. What is u(l)?
-6
Let p(a) = 19*a**2 + 38*a - 22. Let w(y) = -14*y**2 - 26*y + 15. Let k(z) = 5*p(z) + 7*w(z). Give k(2).
-1
Suppose 14*z - 255 = -31. Let p(u) = u**2 - 22*u + 5. Calculate p(z).
-91
Suppose 0 = -3*o + 11*o - 48. Let r be (-3 + -3)/((-9)/o). Let d(y) be the second derivative of -y**3/6 + y**2/2 + y. Give d(r).
-3
Suppose -2*a + 14 = -m, 2*m - 42*a = -39*a - 26. Let i(v) = v**2 - 14*v - 253. Determine i(m).
-13
Let x(p) = -5*p**2 - 3 + 6*p + 10*p**2 + p**2 - 7*p**2. Let i(l) = -9 + 12*l - 32*l - 3 + 15 - l**3 - 12*l**2. Let y be i(-10). What is x(y)?
6
Let h = 332 + -331. Let s be (-20)/(4 - (0 + h + 5)). Let x(q) = -q - 3. What is x(s)?
-13
Let y(n) = -4*n - 8. Let o(v) = 12*v - 11. Let w(c) = o(c) + y(c). What is w(-8)?
-83
Let h(d) = -6*d + 14*d + d - 3 + 2 - d**2. Suppose 2*f = -2*f + 36. What is h(f)?
-1
Suppose 163 = 10*m - 77. Suppose 5*u = j + 13 - 4, -4*u + m = -5*j. Let o(x) = x**2 + 5*x + 4. Give o(j).
0
Let s(n) = -16*n**2 + 55*n + 164. Let q(o) = 5*o**2 - 18*o - 51. Let c(k) = -13*q(k) - 4*s(k). Let m be 9/(-15) + (-146)/(-10). What is c(m)?
7
Let b be (-2)/(-8) - (-21)/(-4). Let h(r) be the first derivative of -24 + 2*r**2 + 2*r + 1/3*r**3. What is h(b)?
7
Let p(i) = 0*i**3 - 2 + i**3 - 2*i + 7*i - 5*i**2. Suppose 3*q - 768 = -5*q. Suppose 12*l = -12*l + q. Calculate p(l).
2
Let z be 341/93 - (-100)/30. Let d(n) = n + 7. Let g(h) = -3*h - 14. Let o(b) = -7*d(b) - 3*g(b). Determine o(z).
7
Let g(x) = x**2 + 7*x + 6. Let v(o) = 3*o + 16. Let f be v(6). Suppose -29*t = -f*t - 30. Give g(t).
0
Let p = 873/580 - 182/145. Let q(w) be the first derivative of -30 - 5/3*w**3 - p*w**4 - w + 5/2*w**2. Give q(-6).
5
Let m = -462 - -464. Let y(z) = m - 11*z - 1 + 8*z - 6. Give y(-10).
25
Let y(p) = -7 + p**2 + 4*p + 7. Let z be 39/21*(-6)/(-13) + (-82)/14. What is y(z)?
5
Let c(l) = l**3 - 7*l**2 + 7*l - 2. Let x be c(6). Let k(s) = -353*s + 4. Let t(f) = -1415*f + 18. Let n(z) = 4*k(z) - t(z). What is n(x)?
10
Let u(m) = -4*m**2 - 22*m + 10. Let o(f) = -11*f**2 - 66*f + 29. Let h(r) = -6*o(r) + 17*u(r). Calculate h(11).
-4
Let h(i) = -15*i**2 + 7*i**2 + 0*i**2 + 5*i + 11*i**2 + 2. Let s = -1346 - -1343. Calculate h(s).
14
Suppose -249 - 29 = 201*u + 325. Let f(o) = o + 3 + 2*o**3 + o**2 - 6*o + 0*o**2 - o**3. What is f(u)?
0
Let r(x) be the third derivative of -x**4/8 + x**3/3 + 72*x**2. Let p = 0 + 2. Let u be -5*p/(-2) + -3. Determine r(u).
-4
Let l = -1250 - -1254. Let h(s) be the third derivative of -s**6/120 + s**5/20 + s**4/8 - s**3/2 + 3*s**2. Calculate h(l).
-7
Let w(k) = k**2 - 9*k + 7. Let h(l) = -36 - 131 - 61 + 5*l + 46. Let c be h(38). Determine w(c).
-1
Let p = 572 + -559. Let h(i) = -13 - 15*i - 10*i + 40*i - 14*i. Give h(p).
0
Suppose -39 = -3*s + 3*x - 0*x, -6*s = -5*x - 70. Let n(i) = 20*i - 24. Let d(v) = -4*v + 5. Let q(r) = 11*d(r) + 2*n(r